{"id":2,"date":"2016-05-10T03:48:21","date_gmt":"2016-05-10T03:48:21","guid":{"rendered":"http:\/\/drmichaelbecker.de\/?page_id=2"},"modified":"2022-03-10T14:00:20","modified_gmt":"2022-03-10T14:00:20","slug":"ka-oberreut","status":"publish","type":"page","link":"http:\/\/drmichaelbecker.de\/","title":{"rendered":"Karlsruhe (Oberreut)"},"content":{"rendered":"<h1 class=\"anschrift-arzt\"><strong><span style=\"color: #da7233;\">Dr. med. Michael Thomas Becker<\/span><br \/>\n<\/strong>Facharzt f\u00fcr Allgemeinmedizin<\/h1>\n<p><img loading=\"lazy\" decoding=\"async\" class=\"alignnone size-full wp-image-73\" src=\"http:\/\/drmichaelbecker.de\/wp-content\/uploads\/2018\/04\/becker-logo2.jpg\" alt=\"\" width=\"645\" height=\"220\" srcset=\"http:\/\/drmichaelbecker.de\/wp-content\/uploads\/2018\/04\/becker-logo2.jpg 645w, http:\/\/drmichaelbecker.de\/wp-content\/uploads\/2018\/04\/becker-logo2-300x102.jpg 300w\" sizes=\"auto, (max-width: 645px) 100vw, 645px\" \/><\/p>\n<p><span style=\"color: #da7233;\"><strong>Die Praxis f\u00fcr die ganze Familie &#8211; Ihr Hausarzt in Karlsruhe-Oberreut<\/strong><\/span><br \/>\nAkademische Lehrpraxis der medizinischen Fakult\u00e4t<br \/>\nder Albert-Ludwig Universit\u00e4t Freiburg<\/p>\n<p>Der Praxissitz ist erloschen.<\/p>\n","protected":false},"excerpt":{"rendered":"<p>Dr. med. Michael Thomas Becker Facharzt f\u00fcr Allgemeinmedizin Die Praxis f\u00fcr die ganze Familie &#8211; Ihr Hausarzt in Karlsruhe-Oberreut Akademische Lehrpraxis der medizinischen Fakult\u00e4t der Albert-Ludwig Universit\u00e4t Freiburg Der Praxissitz ist erloschen.<\/p>\n","protected":false},"author":1,"featured_media":0,"parent":0,"menu_order":0,"comment_status":"closed","ping_status":"open","template":"","meta":{"footnotes":""},"class_list":["post-2","page","type-page","status-publish","hentry"],"yoast_head":"<!-- This site is optimized with the Yoast SEO plugin v27.5 - https:\/\/yoast.com\/product\/yoast-seo-wordpress\/ -->\n<title>Dr. med. Becker, Hausarztpraxis f\u00fcr die ganze Familie in KA Oberreut<\/title>\n<meta name=\"description\" content=\"Dr. med. Michael Thomas Becker, Facharzt f\u00fcr Allgemeinmedizin: Die Hausarztpraxis f\u00fcr die ganze Familie in Karlsruhe Oberreut\" \/>\n<meta name=\"robots\" content=\"index, follow, max-snippet:-1, max-image-preview:large, max-video-preview:-1\" \/>\n<link rel=\"canonical\" href=\"http:\/\/drmichaelbecker.de\/\" \/>\n<meta property=\"og:locale\" content=\"de_DE\" \/>\n<meta property=\"og:type\" content=\"article\" \/>\n<meta property=\"og:title\" content=\"Dr. med. Becker, Hausarztpraxis f\u00fcr die ganze Familie in KA Oberreut\" \/>\n<meta property=\"og:description\" content=\"Dr. med. Michael Thomas Becker, Facharzt f\u00fcr Allgemeinmedizin: Die Hausarztpraxis f\u00fcr die ganze Familie in Karlsruhe Oberreut\" \/>\n<meta property=\"og:url\" content=\"http:\/\/drmichaelbecker.de\/\" \/>\n<meta property=\"og:site_name\" content=\"Dr. med. Michael Thomas Becker\" \/>\n<meta property=\"article:modified_time\" content=\"2022-03-10T14:00:20+00:00\" \/>\n<meta property=\"og:image\" content=\"http:\/\/drmichaelbecker.de\/wp-content\/uploads\/2018\/04\/becker-logo2.jpg\" \/>\n<meta name=\"twitter:card\" content=\"summary_large_image\" \/>\n<meta name=\"twitter:label1\" content=\"Gesch\u00e4tzte Lesezeit\" \/>\n\t<meta name=\"twitter:data1\" content=\"1\u00a0Minute\" \/>\n<script type=\"application\/ld+json\" class=\"yoast-schema-graph\">{\"@context\":\"https:\\\/\\\/schema.org\",\"@graph\":[{\"@type\":\"WebPage\",\"@id\":\"http:\\\/\\\/drmichaelbecker.de\\\/\",\"url\":\"http:\\\/\\\/drmichaelbecker.de\\\/\",\"name\":\"Dr. med. Becker, Hausarztpraxis f\u00fcr die ganze Familie in KA Oberreut\",\"isPartOf\":{\"@id\":\"http:\\\/\\\/drmichaelbecker.de\\\/#website\"},\"primaryImageOfPage\":{\"@id\":\"http:\\\/\\\/drmichaelbecker.de\\\/#primaryimage\"},\"image\":{\"@id\":\"http:\\\/\\\/drmichaelbecker.de\\\/#primaryimage\"},\"thumbnailUrl\":\"http:\\\/\\\/drmichaelbecker.de\\\/wp-content\\\/uploads\\\/2018\\\/04\\\/becker-logo2.jpg\",\"datePublished\":\"2016-05-10T03:48:21+00:00\",\"dateModified\":\"2022-03-10T14:00:20+00:00\",\"description\":\"Dr. med. Michael Thomas Becker, Facharzt f\u00fcr Allgemeinmedizin: Die Hausarztpraxis f\u00fcr die ganze Familie in Karlsruhe Oberreut\",\"breadcrumb\":{\"@id\":\"http:\\\/\\\/drmichaelbecker.de\\\/#breadcrumb\"},\"inLanguage\":\"de\",\"potentialAction\":[{\"@type\":\"ReadAction\",\"target\":[\"http:\\\/\\\/drmichaelbecker.de\\\/\"]}]},{\"@type\":\"ImageObject\",\"inLanguage\":\"de\",\"@id\":\"http:\\\/\\\/drmichaelbecker.de\\\/#primaryimage\",\"url\":\"http:\\\/\\\/drmichaelbecker.de\\\/wp-content\\\/uploads\\\/2018\\\/04\\\/becker-logo2.jpg\",\"contentUrl\":\"http:\\\/\\\/drmichaelbecker.de\\\/wp-content\\\/uploads\\\/2018\\\/04\\\/becker-logo2.jpg\",\"width\":645,\"height\":220},{\"@type\":\"BreadcrumbList\",\"@id\":\"http:\\\/\\\/drmichaelbecker.de\\\/#breadcrumb\",\"itemListElement\":[{\"@type\":\"ListItem\",\"position\":1,\"name\":\"Startseite\",\"item\":\"http:\\\/\\\/drmichaelbecker.de\\\/\"},{\"@type\":\"ListItem\",\"position\":2,\"name\":\"Karlsruhe (Oberreut)\"}]},{\"@type\":\"WebSite\",\"@id\":\"http:\\\/\\\/drmichaelbecker.de\\\/#website\",\"url\":\"http:\\\/\\\/drmichaelbecker.de\\\/\",\"name\":\"Dr. med. Michael Thomas Becker\",\"description\":\"Die Praxis f\u00fcr die ganze Familie\",\"publisher\":{\"@id\":\"http:\\\/\\\/drmichaelbecker.de\\\/#organization\"},\"potentialAction\":[{\"@type\":\"SearchAction\",\"target\":{\"@type\":\"EntryPoint\",\"urlTemplate\":\"http:\\\/\\\/drmichaelbecker.de\\\/?s={search_term_string}\"},\"query-input\":{\"@type\":\"PropertyValueSpecification\",\"valueRequired\":true,\"valueName\":\"search_term_string\"}}],\"inLanguage\":\"de\"},{\"@type\":\"Organization\",\"@id\":\"http:\\\/\\\/drmichaelbecker.de\\\/#organization\",\"name\":\"Dr. med. Michael Thomas Becker\",\"url\":\"http:\\\/\\\/drmichaelbecker.de\\\/\",\"logo\":{\"@type\":\"ImageObject\",\"inLanguage\":\"de\",\"@id\":\"http:\\\/\\\/drmichaelbecker.de\\\/#\\\/schema\\\/logo\\\/image\\\/\",\"url\":\"http:\\\/\\\/drmichaelbecker.de\\\/wp-content\\\/uploads\\\/2018\\\/04\\\/becker-logo2.jpg\",\"contentUrl\":\"http:\\\/\\\/drmichaelbecker.de\\\/wp-content\\\/uploads\\\/2018\\\/04\\\/becker-logo2.jpg\",\"width\":645,\"height\":220,\"caption\":\"Dr. med. Michael Thomas Becker\"},\"image\":{\"@id\":\"http:\\\/\\\/drmichaelbecker.de\\\/#\\\/schema\\\/logo\\\/image\\\/\"}}]}<\/script>\n<!-- \/ Yoast SEO plugin. -->","yoast_head_json":{"title":"Dr. med. Becker, Hausarztpraxis f\u00fcr die ganze Familie in KA Oberreut","description":"Dr. med. Michael Thomas Becker, Facharzt f\u00fcr Allgemeinmedizin: Die Hausarztpraxis f\u00fcr die ganze Familie in Karlsruhe Oberreut","robots":{"index":"index","follow":"follow","max-snippet":"max-snippet:-1","max-image-preview":"max-image-preview:large","max-video-preview":"max-video-preview:-1"},"canonical":"http:\/\/drmichaelbecker.de\/","og_locale":"de_DE","og_type":"article","og_title":"Dr. med. Becker, Hausarztpraxis f\u00fcr die ganze Familie in KA Oberreut","og_description":"Dr. med. Michael Thomas Becker, Facharzt f\u00fcr Allgemeinmedizin: Die Hausarztpraxis f\u00fcr die ganze Familie in Karlsruhe Oberreut","og_url":"http:\/\/drmichaelbecker.de\/","og_site_name":"Dr. med. Michael Thomas Becker","article_modified_time":"2022-03-10T14:00:20+00:00","og_image":[{"url":"http:\/\/drmichaelbecker.de\/wp-content\/uploads\/2018\/04\/becker-logo2.jpg","type":"","width":"","height":""}],"twitter_card":"summary_large_image","twitter_misc":{"Gesch\u00e4tzte Lesezeit":"1\u00a0Minute"},"schema":{"@context":"https:\/\/schema.org","@graph":[{"@type":"WebPage","@id":"http:\/\/drmichaelbecker.de\/","url":"http:\/\/drmichaelbecker.de\/","name":"Dr. med. Becker, Hausarztpraxis f\u00fcr die ganze Familie in KA Oberreut","isPartOf":{"@id":"http:\/\/drmichaelbecker.de\/#website"},"primaryImageOfPage":{"@id":"http:\/\/drmichaelbecker.de\/#primaryimage"},"image":{"@id":"http:\/\/drmichaelbecker.de\/#primaryimage"},"thumbnailUrl":"http:\/\/drmichaelbecker.de\/wp-content\/uploads\/2018\/04\/becker-logo2.jpg","datePublished":"2016-05-10T03:48:21+00:00","dateModified":"2022-03-10T14:00:20+00:00","description":"Dr. med. Michael Thomas Becker, Facharzt f\u00fcr Allgemeinmedizin: Die Hausarztpraxis f\u00fcr die ganze Familie in Karlsruhe Oberreut","breadcrumb":{"@id":"http:\/\/drmichaelbecker.de\/#breadcrumb"},"inLanguage":"de","potentialAction":[{"@type":"ReadAction","target":["http:\/\/drmichaelbecker.de\/"]}]},{"@type":"ImageObject","inLanguage":"de","@id":"http:\/\/drmichaelbecker.de\/#primaryimage","url":"http:\/\/drmichaelbecker.de\/wp-content\/uploads\/2018\/04\/becker-logo2.jpg","contentUrl":"http:\/\/drmichaelbecker.de\/wp-content\/uploads\/2018\/04\/becker-logo2.jpg","width":645,"height":220},{"@type":"BreadcrumbList","@id":"http:\/\/drmichaelbecker.de\/#breadcrumb","itemListElement":[{"@type":"ListItem","position":1,"name":"Startseite","item":"http:\/\/drmichaelbecker.de\/"},{"@type":"ListItem","position":2,"name":"Karlsruhe (Oberreut)"}]},{"@type":"WebSite","@id":"http:\/\/drmichaelbecker.de\/#website","url":"http:\/\/drmichaelbecker.de\/","name":"Dr. med. Michael Thomas Becker","description":"Die Praxis f\u00fcr die ganze Familie","publisher":{"@id":"http:\/\/drmichaelbecker.de\/#organization"},"potentialAction":[{"@type":"SearchAction","target":{"@type":"EntryPoint","urlTemplate":"http:\/\/drmichaelbecker.de\/?s={search_term_string}"},"query-input":{"@type":"PropertyValueSpecification","valueRequired":true,"valueName":"search_term_string"}}],"inLanguage":"de"},{"@type":"Organization","@id":"http:\/\/drmichaelbecker.de\/#organization","name":"Dr. med. Michael Thomas Becker","url":"http:\/\/drmichaelbecker.de\/","logo":{"@type":"ImageObject","inLanguage":"de","@id":"http:\/\/drmichaelbecker.de\/#\/schema\/logo\/image\/","url":"http:\/\/drmichaelbecker.de\/wp-content\/uploads\/2018\/04\/becker-logo2.jpg","contentUrl":"http:\/\/drmichaelbecker.de\/wp-content\/uploads\/2018\/04\/becker-logo2.jpg","width":645,"height":220,"caption":"Dr. med. Michael Thomas Becker"},"image":{"@id":"http:\/\/drmichaelbecker.de\/#\/schema\/logo\/image\/"}}]}},"_links":{"self":[{"href":"http:\/\/drmichaelbecker.de\/index.php?rest_route=\/wp\/v2\/pages\/2","targetHints":{"allow":["GET"]}}],"collection":[{"href":"http:\/\/drmichaelbecker.de\/index.php?rest_route=\/wp\/v2\/pages"}],"about":[{"href":"http:\/\/drmichaelbecker.de\/index.php?rest_route=\/wp\/v2\/types\/page"}],"author":[{"embeddable":true,"href":"http:\/\/drmichaelbecker.de\/index.php?rest_route=\/wp\/v2\/users\/1"}],"replies":[{"embeddable":true,"href":"http:\/\/drmichaelbecker.de\/index.php?rest_route=%2Fwp%2Fv2%2Fcomments&post=2"}],"version-history":[{"count":24,"href":"http:\/\/drmichaelbecker.de\/index.php?rest_route=\/wp\/v2\/pages\/2\/revisions"}],"predecessor-version":[{"id":305,"href":"http:\/\/drmichaelbecker.de\/index.php?rest_route=\/wp\/v2\/pages\/2\/revisions\/305"}],"wp:attachment":[{"href":"http:\/\/drmichaelbecker.de\/index.php?rest_route=%2Fwp%2Fv2%2Fmedia&parent=2"}],"curies":[{"name":"wp","href":"https:\/\/api.w.org\/{rel}","templated":true}]}}

<h1 class="anschrift-arzt"><strong><span style="color: #da7233;">Dr. med. Michael Thomas Becker</span><br />
</strong>Facharzt für Allgemeinmedizin</h1>
<p><img loading="lazy" decoding="async" class="alignnone size-full wp-image-73" src="http://drmichaelbecker.de/wp-content/uploads/2018/04/becker-logo2.jpg" alt="" width="645" height="220" srcset="http://drmichaelbecker.de/wp-content/uploads/2018/04/becker-logo2.jpg 645w, http://drmichaelbecker.de/wp-content/uploads/2018/04/becker-logo2-300x102.jpg 300w" sizes="auto, (max-width: 645px) 100vw, 645px" /></p>
<p><span style="color: #da7233;"><strong>Die Praxis für die ganze Familie &#8211; Ihr Hausarzt in Karlsruhe-Oberreut</strong></span><br />
Akademische Lehrpraxis der medizinischen Fakultät<br />
der Albert-Ludwig Universität Freiburg</p>
<p>Der Praxissitz ist erloschen.</p>

<p>Dr. med. Michael Thomas Becker Facharzt für Allgemeinmedizin Die Praxis für die ganze Familie &#8211; Ihr Hausarzt in Karlsruhe-Oberreut Akademische Lehrpraxis der medizinischen Fakultät der Albert-Ludwig Universität Freiburg Der Praxissitz ist erloschen.</p>

<!-- This site is optimized with the Yoast SEO plugin v27.5 - https://yoast.com/product/yoast-seo-wordpress/ -->
<title>Dr. med. Becker, Hausarztpraxis für die ganze Familie in KA Oberreut</title>
<meta name="description" content="Dr. med. Michael Thomas Becker, Facharzt für Allgemeinmedizin: Die Hausarztpraxis für die ganze Familie in Karlsruhe Oberreut" />
<meta name="robots" content="index, follow, max-snippet:-1, max-image-preview:large, max-video-preview:-1" />
<link rel="canonical" href="http://drmichaelbecker.de/" />
<meta property="og:locale" content="de_DE" />
<meta property="og:type" content="article" />
<meta property="og:title" content="Dr. med. Becker, Hausarztpraxis für die ganze Familie in KA Oberreut" />
<meta property="og:description" content="Dr. med. Michael Thomas Becker, Facharzt für Allgemeinmedizin: Die Hausarztpraxis für die ganze Familie in Karlsruhe Oberreut" />
<meta property="og:url" content="http://drmichaelbecker.de/" />
<meta property="og:site_name" content="Dr. med. Michael Thomas Becker" />
<meta property="article:modified_time" content="2022-03-10T14:00:20+00:00" />
<meta property="og:image" content="http://drmichaelbecker.de/wp-content/uploads/2018/04/becker-logo2.jpg" />
<meta name="twitter:card" content="summary_large_image" />
<meta name="twitter:label1" content="Geschätzte Lesezeit" />
	<meta name="twitter:data1" content="1 Minute" />
<script type="application/ld+json" class="yoast-schema-graph">{"@context":"https:\/\/schema.org","@graph":[{"@type":"WebPage","@id":"http:\/\/drmichaelbecker.de\/","url":"http:\/\/drmichaelbecker.de\/","name":"Dr. med. Becker, Hausarztpraxis für die ganze Familie in KA Oberreut","isPartOf":{"@id":"http:\/\/drmichaelbecker.de\/#website"},"primaryImageOfPage":{"@id":"http:\/\/drmichaelbecker.de\/#primaryimage"},"image":{"@id":"http:\/\/drmichaelbecker.de\/#primaryimage"},"thumbnailUrl":"http:\/\/drmichaelbecker.de\/wp-content\/uploads\/2018\/04\/becker-logo2.jpg","datePublished":"2016-05-10T03:48:21+00:00","dateModified":"2022-03-10T14:00:20+00:00","description":"Dr. med. Michael Thomas Becker, Facharzt für Allgemeinmedizin: Die Hausarztpraxis für die ganze Familie in Karlsruhe Oberreut","breadcrumb":{"@id":"http:\/\/drmichaelbecker.de\/#breadcrumb"},"inLanguage":"de","potentialAction":[{"@type":"ReadAction","target":["http:\/\/drmichaelbecker.de\/"]}]},{"@type":"ImageObject","inLanguage":"de","@id":"http:\/\/drmichaelbecker.de\/#primaryimage","url":"http:\/\/drmichaelbecker.de\/wp-content\/uploads\/2018\/04\/becker-logo2.jpg","contentUrl":"http:\/\/drmichaelbecker.de\/wp-content\/uploads\/2018\/04\/becker-logo2.jpg","width":645,"height":220},{"@type":"BreadcrumbList","@id":"http:\/\/drmichaelbecker.de\/#breadcrumb","itemListElement":[{"@type":"ListItem","position":1,"name":"Startseite","item":"http:\/\/drmichaelbecker.de\/"},{"@type":"ListItem","position":2,"name":"Karlsruhe (Oberreut)"}]},{"@type":"WebSite","@id":"http:\/\/drmichaelbecker.de\/#website","url":"http:\/\/drmichaelbecker.de\/","name":"Dr. med. Michael Thomas Becker","description":"Die Praxis für die ganze Familie","publisher":{"@id":"http:\/\/drmichaelbecker.de\/#organization"},"potentialAction":[{"@type":"SearchAction","target":{"@type":"EntryPoint","urlTemplate":"http:\/\/drmichaelbecker.de\/?s={search_term_string}"},"query-input":{"@type":"PropertyValueSpecification","valueRequired":true,"valueName":"search_term_string"}}],"inLanguage":"de"},{"@type":"Organization","@id":"http:\/\/drmichaelbecker.de\/#organization","name":"Dr. med. Michael Thomas Becker","url":"http:\/\/drmichaelbecker.de\/","logo":{"@type":"ImageObject","inLanguage":"de","@id":"http:\/\/drmichaelbecker.de\/#\/schema\/logo\/image\/","url":"http:\/\/drmichaelbecker.de\/wp-content\/uploads\/2018\/04\/becker-logo2.jpg","contentUrl":"http:\/\/drmichaelbecker.de\/wp-content\/uploads\/2018\/04\/becker-logo2.jpg","width":645,"height":220,"caption":"Dr. med. Michael Thomas Becker"},"image":{"@id":"http:\/\/drmichaelbecker.de\/#\/schema\/logo\/image\/"}}]}</script>
<!-- / Yoast SEO plugin. -->

Dr. med. Becker, Hausarztpraxis für die ganze Familie in KA Oberreut

Dr. med. Michael Thomas Becker, Facharzt für Allgemeinmedizin: Die Hausarztpraxis für die ganze Familie in Karlsruhe Oberreut

Die Praxis für die ganze Familie
